ommon divisor of c and 3732.
12
Let z(v) = 29*v - 220. Let j be z(12). Calculate the greatest common divisor of j and 64.
64
Let p be 1*2/2*9. Let u be (3/(-2))/((-38)/76). Suppose -6 - 102 = -u*j. What is the highest common factor of j and p?
9
Let m be 300/80 - (-2)/8. Suppose m*t = t + 15. Suppose l + 3*b = 24, t*b = -3*l + 28 + 28. Calculate the highest common divisor of 3 and l.
3
Let b = 4074 + -3036. Calculate the greatest common divisor of b and 3.
3
Let s = -621 - -614. Let l(i) = -i**2 - 15*i - 39. Let f be l(s). What is the greatest common divisor of f and 1139?
17
Let t(x) = x**3 - 15*x - 26. Let p be t(6). Let d = -41 + p. Calculate the highest common divisor of d and 531.
59
Let g(l) = -l**3 - 4*l**2 + 13*l + 7. Let s(m) = m + 1. Let t(p) = -g(p) + 4*s(p). Let k be t(7). Calculate the greatest common factor of 43 and k.
43
Suppose -4*w + 231 + 83 = -238. Calculate the greatest common divisor of 8763 and w.
69
Suppose -247*g + 319*g - 213560 = 70696. Calculate the greatest common factor of g and 756.
84
Let b = -44251 + 44359. Let y be 1 - (-133 + 1/(-1)). What is the highest common divisor of y and b?
27
Let x(a) = a**3 + 3*a**2 - 6*a + 28. Let u = 34 - 39. Let i be x(u). Calculate the greatest common divisor of i and 4.
4
Suppose 377 = 4*t - 63. Suppose -6*i + 224 + 76 = 0. Suppose -18*k + 23*k - i = 0. Calculate the highest common factor of t and k.
10
Suppose -r - 998 = -3*g - 360, -5*g + 1058 = -3*r. Suppose 3*z = 369308 - 368987. What is the highest common factor of g and z?
107
Let w(r) = -2*r + 33. Let h be w(13). Let n be (-1)/h*2 + 1284/84. Suppose 0*u + u + 827 = 5*c, 0 = 3*u + 6. Calculate the highest common factor of n and c.
15
Suppose 6*s + 306 + 96 = 0. Let r = s + 99. Calculate the highest common divisor of r and 608.
32
Let n(d) = -d**2 - 34*d + 114. Let c be n(-37). Suppose g + 4*g - c*p - 130 = 0, 26 = g + 3*p. Calculate the highest common factor of 143 and g.
13
Suppose 103 = -4*a - m, 5*m - 95 = 3*a - 35. Let p = a - -190. What is the greatest common factor of p and 275?
55
Let m = -242 - -574. Suppose -o = -m - 108. Calculate the highest common divisor of 55 and o.
55
Let k(i) = -117*i + 518. Let u be k(4). What is the highest common factor of u and 6550?
50
Suppose -k + 51 = -79. Let l = -760 + 760. Let r be 780/180*(l + 12). Calculate the greatest common factor of r and k.
26
Suppose 4*u - 4*k = 12, 2*u = -16*k + 11*k + 34. Suppose 9450 = u*l + 14*l. What is the highest common divisor of 36 and l?
18
Let j(z) = -z**3 + 178*z - 3*z**2 - 6 + 175*z - 362*z. Let q be j(-7). What is the greatest common divisor of q and 11?
11
Let j = 24057 + -23425. Suppose -d - 42 = -5*k, 2*k - 3*d - 26 = 2*d. Calculate the greatest common factor of k and j.
8
Suppose 0 = 3*i + 76 + 56. Let p be (i/(-55))/(2/10). What is the greatest common factor of 44 and p?
4
Let c(b) = b**2 - b + 18. Let o(w) = -w**3 - 9*w**2 - 7*w + 13. Let v be o(-8). Let p be c(v). Calculate the greatest common factor of p and 190.
38
Let f be (1 - 0)/(-3 - -2). Let o be (1 - 4)*f + 69. Suppose 2*l - 16 = -r, -7*r + o = -2*r + 2*l. What is the greatest common factor of 70 and r?
14
Let n(h) = -2972*h + 413. Let i be n(-7). Calculate the highest common divisor of 98 and i.
49
Let h be (-5 - -10 - 2) + (1 - -8). Let f be -3 - (1 - 10 - 1). Suppose -5 = -2*k + f. What is the highest common factor of h and k?
6
Let t(b) = -20*b - 22. Let r(s) = 2*s**3 + 7*s**2 - 6*s - 5. Let l be r(-4). Let u be t(l). Let m = -75 - u. Calculate the highest common factor of 14 and m.
7
Suppose -67*i - 3335 + 30285 = -12*i. Calculate the greatest common divisor of i and 770.
70
Suppose -r + 7481 = 5*d, 0 = -14*d + 17*d + 4*r - 4492. Calculate the greatest common factor of 16 and d.
8
Suppose 40 - 4 = 4*x. Suppose 0 = -7*j + 2*j - 4*n + 536, -5*n + 103 = j. Calculate the greatest common divisor of j and x.
9
Let q = -234 + 419. Let p = q - 131. What is the highest common factor of 18 and p?
18
Suppose -4*l - 68 = -5*l. Suppose -2*z + 6 = -z. Suppose l = z*r - 2*r. What is the highest common factor of r and 136?
17
Let z be 3/(-6)*166 - -3. Let i = z - -56. Let s be 160/i*18/(-4). What is the greatest common divisor of s and 75?
15
Suppose 3241 = 2*j - 5*g, 4*j - 21*g + 23*g - 6542 = 0. Calculate the highest common divisor of j and 355.
71
Let y(h) = 15*h + 12. Let n be y(10). Suppose -1 = a, 0 = 3*m + m - 2*a - n. Suppose -23*o + 40*o = 170. Calculate the highest common divisor of m and o.
10
Let p be -8 + ((-12)/(-6) + 0 - -942). Calculate the highest common divisor of p and 288.
72
Suppose 5*a = 25, 4*n - 3*n - 21 = -2*a. Let s = 1701 - 1404. What is the greatest common factor of s and n?
11
Suppose -28 = 5*m - h, -2*m + 3*h - 16 = h. Let d be (-39 - 1)/4 - (-41 - -33). Let n be (m/d)/((-7)/(-42)). Calculate the greatest common divisor of n and 60.
15
Let v(x) = 13*x**2 - 46*x - 460. Let a be v(-10). What is the highest common divisor of 1105 and a?
65
Let p = -189 + 182. Let y be (-14)/p - 6/((-18)/159). What is the greatest common divisor of y and 20?
5
Let l = 4520 + -3275. What is the highest common factor of l and 15?
15
Suppose -1336*d = -1345*d + 4464. What is the highest common factor of d and 16?
16
Let x = 30 - -55. Let b = -525 + 712. What is the highest common factor of x and b?
17
Let l(s) = 4*s + 61. Let k be l(28). Suppose 0 = -15*h + 13*h - 52. Let d = k + h. What is the highest common divisor of 21 and d?
21
Suppose y - 12 = -n, 0 = 5*y + n + n - 51. Suppose 14*k - 460 = y*k. What is the highest common factor of k and 46?
46
Let p be (-4)/(48/(-27))*132/99. Let r = -1 + 4. Suppose -r*v + 5*q = -16, v - 2*q - 1 = p. What is the highest common factor of v and 3?
3
Let d(g) be the first derivative of -g**4/4 - 7*g**3/3 - g**2/2 - 6*g - 29. Let p be d(-7). What is the highest common factor of 5 and p?
1
Let g = -4 + -35. Let y = -36 - g. Suppose -4*m + y*l + 39 = -26, 3*m + l - 65 = 0. What is the highest common divisor of 30 and m?
10
Suppose 123*l - 127*l = -1188. Calculate the greatest common divisor of l and 621.
27
Let n be -4 + -5 - (-16338 - 6/6). Calculate the greatest common factor of n and 20.
10
Let b be 70/7*731/34. Calculate the highest common divisor of b and 15.
5
Let s be (-27)/(-45) - 55/(-50)*154. What is the highest common divisor of 280 and s?
10
Suppose -180*v + 182*v = 264. Suppose 16*t - 10*t - v = 0. Suppose i - 27 = 6. What is the greatest common divisor of i and t?
11
Suppose 4*r = 0, 2*x + 3*r - 3 - 1 = 0. Suppose x*z - 2 = 4. Suppose 0 = -4*w - 1 + 5. What is the highest common factor of z and w?
1
Suppose -899*f - 35 = -894*f, 0 = -p + 12*f + 108. Let o be 8/(66/(-34) + 2). What is the highest common divisor of o and p?
8
Suppose l + 9 = -2*l, 4*l - 184 = -4*p. Suppose -3*n - 63 = 2*y - 6*y, 5*y = n + 10. Let v = n - -32. What is the greatest common divisor of p and v?
7
Let d = -2173 + 2463. What is the greatest common divisor of d and 1015?
145
Let r(a) = 949*a - 17072. Let x be r(18). What is the greatest common factor of x and 58570?
10
Let q = -4144 + 6646. Calculate the greatest common divisor of q and 36.
18
Suppose -3*x = -4*v - 54 + 16, 2*v + 24 = 4*x. Let f be (-138 - -6)*(3 + 28/v). Calculate the greatest common divisor of f and 66.
66
Let p = 135 - 69. Let a(q) = -11*q + 6. Suppose 2*j = -4, -2 - 4 = -3*r + 3*j. Let s be a(r). Calculate the greatest common factor of s and p.
6
Suppose -15*a = -10*a - 270. Let j be 28 + 0 + 23/(207/a). What is the greatest common divisor of j and 748?
34
Suppose -14*k + 7463 = -9*k - 2*s, -2*s + 2974 = 2*k. Calculate the highest common divisor of 2769 and k.
213
Suppose 0 = -2*n - 2*j + 15908, n + 5*j - 2538 = 5388. Calculate the greatest common divisor of 19 and n.
19
Let s be -949*(-4)/26 - 20. What is the greatest common divisor of s and 11802?
42
Let o be (12714 + (7 - 70)/9)/1. Calculate the highest common divisor of o and 131.
131
Let a = -43 + 73. Let j be 4 - (0 + -8 + (-3 - 0)). Calculate the greatest common divisor of a and j.
15
Let x = -30 - -69. Let t = -691 + 887. Suppose 8*q - 324 = t. Calculate the greatest common divisor of x and q.
13
Let m(z) = 4*z**2 + 24*z - 7. Suppose 2*l = -3*f - l - 39, 2*f - 5*l = 9. Let u be m(f). Calculate the highest common divisor of 3 and